{"id":60,"date":"2015-04-15T10:57:41","date_gmt":"2015-04-15T10:57:41","guid":{"rendered":"http:\/\/welfare.cmsmasters.net\/?page_id=60"},"modified":"2023-09-14T19:33:15","modified_gmt":"2023-09-14T19:33:15","slug":"about","status":"publish","type":"page","link":"https:\/\/www.bahnhof-center.at\/index.php\/about\/","title":{"rendered":"\u00dcber Uns"},"content":{"rendered":"<style type=\"text\/css\"> \n#cmsmasters_row_69f404bd3d61c1_50767818 { \n\tbackground-image: url(https:\/\/www.bahnhof-center.at\/wp-content\/uploads\/2020\/02\/Ueber_uns.jpg); \n\tbackground-position: center center; \n\tbackground-repeat: no-repeat; \n\tbackground-attachment: scroll; \n\tbackground-size: auto; \n} \n\n#cmsmasters_row_69f404bd3d61c1_50767818 .cmsmasters_row_outer_parent { \n\tpadding-top: 190px; \n} \n\n#cmsmasters_row_69f404bd3d61c1_50767818 .cmsmasters_row_outer_parent { \n\tpadding-bottom: 190px; \n} \n\n#cmsmasters_row_69f404bd3d61c1_50767818 .cmsmasters_row_overlay { \n\tbackground-color:rgba(0,0,0,0.2);\n} \n\n \n#cmsmasters_heading_69f404bd3dbe97_78661017 { \n\ttext-align:center; \n\tmargin-top:0px; \n\tmargin-bottom:0px; \n} \n\n#cmsmasters_heading_69f404bd3dbe97_78661017 .cmsmasters_heading { \n\ttext-align:center; \n} \n\n#cmsmasters_heading_69f404bd3dbe97_78661017 .cmsmasters_heading, #cmsmasters_heading_69f404bd3dbe97_78661017 .cmsmasters_heading a { \n\tfont-size:72px; \n\tline-height:76px; \n\tfont-weight:bold; \n\tfont-style:normal; \n\tcolor:#ffffff;\n} \n\n#cmsmasters_heading_69f404bd3dbe97_78661017 .cmsmasters_heading_divider { \n} \n\n \n#cmsmasters_row_69f404bd3ddb62_40440902 { \n\tbackground-color:#ffffff;\n} \n\n#cmsmasters_row_69f404bd3ddb62_40440902 .cmsmasters_row_outer_parent { \n\tpadding-top: 70px; \n} \n\n#cmsmasters_row_69f404bd3ddb62_40440902 .cmsmasters_row_outer_parent { \n\tpadding-bottom: 0px; \n} \n\n \n#cmsmasters_row_69f404bd3df847_93699337 { \n\tbackground-color:#ffffff;\n} \n\n#cmsmasters_row_69f404bd3df847_93699337 .cmsmasters_row_outer_parent { \n\tpadding-top: 30px; \n} \n\n#cmsmasters_row_69f404bd3df847_93699337 .cmsmasters_row_outer_parent { \n\tpadding-bottom: 70px; \n} \n\n \n#cmsmasters_heading_69f404bd3e72b2_58841034 { \n\ttext-align:left; \n\tmargin-top:40px; \n\tmargin-bottom:10px; \n} \n\n#cmsmasters_heading_69f404bd3e72b2_58841034 .cmsmasters_heading { \n\ttext-align:left; \n} \n\n#cmsmasters_heading_69f404bd3e72b2_58841034 .cmsmasters_heading, #cmsmasters_heading_69f404bd3e72b2_58841034 .cmsmasters_heading a { \n\tfont-weight:700; \n\tfont-style:normal; \n} \n\n#cmsmasters_heading_69f404bd3e72b2_58841034 .cmsmasters_heading_divider { \n} \n\n \n#cmsmasters_heading_69f404bd3e7af6_35020253 { \n\ttext-align:left; \n\tmargin-top:0px; \n\tmargin-bottom:30px; \n} \n\n#cmsmasters_heading_69f404bd3e7af6_35020253 .cmsmasters_heading { \n\ttext-align:left; \n} \n\n#cmsmasters_heading_69f404bd3e7af6_35020253 .cmsmasters_heading, #cmsmasters_heading_69f404bd3e7af6_35020253 .cmsmasters_heading a { \n\tfont-weight:700; \n\tfont-style:normal; \n} \n\n#cmsmasters_heading_69f404bd3e7af6_35020253 .cmsmasters_heading_divider { \n} \n\n \n#cmsmasters_heading_69f404bd3e81e9_18770403 { \n\ttext-align:left; \n\tmargin-top:0px; \n\tmargin-bottom:10px; \n} \n\n#cmsmasters_heading_69f404bd3e81e9_18770403 .cmsmasters_heading { \n\ttext-align:left; \n} \n\n#cmsmasters_heading_69f404bd3e81e9_18770403 .cmsmasters_heading, #cmsmasters_heading_69f404bd3e81e9_18770403 .cmsmasters_heading a { \n\tfont-weight:700; \n\tfont-style:normal; \n} \n\n#cmsmasters_heading_69f404bd3e81e9_18770403 .cmsmasters_heading_divider { \n} \n\n \n#cmsmasters_heading_69f404bd3e8898_87961057 { \n\ttext-align:left; \n\tmargin-top:0px; \n\tmargin-bottom:30px; \n} \n\n#cmsmasters_heading_69f404bd3e8898_87961057 .cmsmasters_heading { \n\ttext-align:left; \n} \n\n#cmsmasters_heading_69f404bd3e8898_87961057 .cmsmasters_heading, #cmsmasters_heading_69f404bd3e8898_87961057 .cmsmasters_heading a { \n\tfont-weight:700; \n\tfont-style:normal; \n} \n\n#cmsmasters_heading_69f404bd3e8898_87961057 .cmsmasters_heading_divider { \n} \n\n \n#cmsmasters_heading_69f404bd3e8f27_22367317 { \n\ttext-align:left; \n\tmargin-top:0px; \n\tmargin-bottom:10px; \n} \n\n#cmsmasters_heading_69f404bd3e8f27_22367317 .cmsmasters_heading { \n\ttext-align:left; \n} \n\n#cmsmasters_heading_69f404bd3e8f27_22367317 .cmsmasters_heading, #cmsmasters_heading_69f404bd3e8f27_22367317 .cmsmasters_heading a { \n\tfont-weight:700; \n\tfont-style:normal; \n} \n\n#cmsmasters_heading_69f404bd3e8f27_22367317 .cmsmasters_heading_divider { \n} \n\n \n#cmsmasters_heading_69f404bd3e95e0_58791227 { \n\ttext-align:left; \n\tmargin-top:0px; \n\tmargin-bottom:30px; \n} \n\n#cmsmasters_heading_69f404bd3e95e0_58791227 .cmsmasters_heading { \n\ttext-align:left; \n} \n\n#cmsmasters_heading_69f404bd3e95e0_58791227 .cmsmasters_heading, #cmsmasters_heading_69f404bd3e95e0_58791227 .cmsmasters_heading a { \n\tfont-weight:700; \n\tfont-style:normal; \n} \n\n#cmsmasters_heading_69f404bd3e95e0_58791227 .cmsmasters_heading_divider { \n} \n\n \n#cmsmasters_row_69f404bd3eaff5_34377116 .cmsmasters_row_outer_parent { \n\tpadding-top: 0px; \n} \n\n#cmsmasters_row_69f404bd3eaff5_34377116 .cmsmasters_row_outer_parent { \n\tpadding-bottom: 0px; \n} \n\n#cmsmasters_row_69f404bd3eaff5_34377116 .cmsmasters_row_inner.cmsmasters_row_fullwidth { \n\tpadding-left:0%; \n} \n#cmsmasters_row_69f404bd3eaff5_34377116 .cmsmasters_row_inner.cmsmasters_row_fullwidth { \n\tpadding-right:0%; \n} \n \n#cmsmasters_divider_69f404bd3ec7f9_53529843 { \n\tborder-bottom-width:1px; \n\tborder-bottom-style:solid; \n\tpadding-top:0px; \n\tmargin-bottom:0px; \n} \n \n#cmsmasters_row_69f404bd3ecb99_81910298 { \n\tbackground-image: url(https:\/\/www.bahnhof-center.at\/wp-content\/uploads\/2020\/02\/Bahnhofcenter_backg_light.png); \n\tbackground-position: center center; \n\tbackground-repeat: no-repeat; \n\tbackground-attachment: scroll; \n\tbackground-size: cover; \n} \n\n#cmsmasters_row_69f404bd3ecb99_81910298 .cmsmasters_row_outer_parent { \n\tpadding-top: 80px; \n} \n\n#cmsmasters_row_69f404bd3ecb99_81910298 .cmsmasters_row_outer_parent { \n\tpadding-bottom: 80px; \n} \n\n \n#cmsmasters_row_69f404bd3f1eb1_05355670 { \n\tbackground-color:rgba(232,168,157,0.69);\n} \n\n#cmsmasters_row_69f404bd3f1eb1_05355670 .cmsmasters_row_outer_parent { \n\tpadding-top: 0px; \n} \n\n#cmsmasters_row_69f404bd3f1eb1_05355670 .cmsmasters_row_outer_parent { \n\tpadding-bottom: 50px; \n} \n\n \n#cmsmasters_heading_69f404bd3f3ef3_77932838 { \n\ttext-align:center; \n\tmargin-top:20px; \n\tmargin-bottom:20px; \n} \n\n#cmsmasters_heading_69f404bd3f3ef3_77932838 .cmsmasters_heading { \n\ttext-align:center; \n} \n\n#cmsmasters_heading_69f404bd3f3ef3_77932838 .cmsmasters_heading, #cmsmasters_heading_69f404bd3f3ef3_77932838 .cmsmasters_heading a { \n\tfont-weight:normal; \n\tfont-style:normal; \n} \n\n#cmsmasters_heading_69f404bd3f3ef3_77932838 .cmsmasters_heading_divider { \n} \n\n \n#cmsmasters_divider_69f404bd3f46a2_90253383 { \n\tborder-bottom-width:1px; \n\tborder-bottom-style:solid; \n\tpadding-top:50px; \n\tmargin-bottom:50px; \n} \n \n#cmsmasters_icon_list_items_69f404bd3f53d8_86021478.cmsmasters_icon_list_items .cmsmasters_icon_list_item:before { \n\tleft:50px; \n\ttop:100px; \n} \n#cmsmasters_icon_list_items_69f404bd3f53d8_86021478.cmsmasters_icon_list_type_block .cmsmasters_icon_list_item:before { \n\twidth:0px; \n} \n\n#cmsmasters_icon_list_items_69f404bd3f53d8_86021478 .cmsmasters_icon_list_icon { \n\twidth:100px; \n\theight:100px; \n\t-webkit-border-radius:50%; \n\tborder-radius:50%; \n} \n\n#cmsmasters_icon_list_items_69f404bd3f53d8_86021478 .cmsmasters_icon_list_icon:before { \n\tfont-size:30px; \n\tline-height:100px; \n} \n\n#cmsmasters_icon_list_items_69f404bd3f53d8_86021478 .cmsmasters_icon_list_icon:after { \n\tborder-width:10px; \n\twidth:102px; \n\theight:102px; \n\t-webkit-border-radius:50%; \n\tborder-radius:50%; \n} \n\n.cmsmasters_icon_list_items.cmsmasters_color_type_border #cmsmasters_icon_list_item_69f404bd3f6b03_12409173:hover .cmsmasters_icon_list_icon:after { \n\tborder-color:transparent; \n\tborder-width:0; \n} \n\n.cmsmasters_icon_list_items.cmsmasters_color_type_border #cmsmasters_icon_list_item_69f404bd3f7850_01660179:hover .cmsmasters_icon_list_icon:after { \n\tborder-color:transparent; \n\tborder-width:0; \n} \n\n.cmsmasters_icon_list_items.cmsmasters_color_type_border #cmsmasters_icon_list_item_69f404bd3f8408_80992438:hover .cmsmasters_icon_list_icon:after { \n\tborder-color:transparent; \n\tborder-width:0; \n} \n\n.cmsmasters_icon_list_items.cmsmasters_color_type_border #cmsmasters_icon_list_item_69f404bd3f8ea2_48917168:hover .cmsmasters_icon_list_icon:after { \n\tborder-color:transparent; \n\tborder-width:0; \n} \n \n#cmsmasters_heading_69f404bd3fa891_47699561 { \n\ttext-align:center; \n\tmargin-top:20px; \n\tmargin-bottom:20px; \n} \n\n#cmsmasters_heading_69f404bd3fa891_47699561 .cmsmasters_heading { \n\ttext-align:center; \n} \n\n#cmsmasters_heading_69f404bd3fa891_47699561 .cmsmasters_heading, #cmsmasters_heading_69f404bd3fa891_47699561 .cmsmasters_heading a { \n\tfont-weight:normal; \n\tfont-style:normal; \n} \n\n#cmsmasters_heading_69f404bd3fa891_47699561 .cmsmasters_heading_divider { \n} \n\n \n#cmsmasters_divider_69f404bd3fb021_57846267 { \n\tborder-bottom-width:1px; \n\tborder-bottom-style:solid; \n\tpadding-top:50px; \n\tmargin-bottom:50px; \n} \n \n#cmsmasters_icon_list_items_69f404bd3fb788_41060069.cmsmasters_icon_list_items .cmsmasters_icon_list_item:before { \n\tleft:50px; \n\ttop:100px; \n} \n#cmsmasters_icon_list_items_69f404bd3fb788_41060069.cmsmasters_icon_list_type_block .cmsmasters_icon_list_item:before { \n\twidth:0px; \n} \n\n#cmsmasters_icon_list_items_69f404bd3fb788_41060069 .cmsmasters_icon_list_icon { \n\twidth:100px; \n\theight:100px; \n\t-webkit-border-radius:50%; \n\tborder-radius:50%; \n} \n\n#cmsmasters_icon_list_items_69f404bd3fb788_41060069 .cmsmasters_icon_list_icon:before { \n\tfont-size:30px; \n\tline-height:100px; \n} \n\n#cmsmasters_icon_list_items_69f404bd3fb788_41060069 .cmsmasters_icon_list_icon:after { \n\tborder-width:10px; \n\twidth:102px; \n\theight:102px; \n\t-webkit-border-radius:50%; \n\tborder-radius:50%; \n} \n\n.cmsmasters_icon_list_items.cmsmasters_color_type_border #cmsmasters_icon_list_item_69f404bd3fc1e0_23606140:hover .cmsmasters_icon_list_icon:after { \n\tborder-color:transparent; \n\tborder-width:0; \n} \n\n.cmsmasters_icon_list_items.cmsmasters_color_type_border #cmsmasters_icon_list_item_69f404bd3fcef2_59058779:hover .cmsmasters_icon_list_icon:after { \n\tborder-color:transparent; \n\tborder-width:0; \n} \n\n.cmsmasters_icon_list_items.cmsmasters_color_type_border #cmsmasters_icon_list_item_69f404bd3fdd29_98961161:hover .cmsmasters_icon_list_icon:after { \n\tborder-color:transparent; \n\tborder-width:0; \n} \n\n.cmsmasters_icon_list_items.cmsmasters_color_type_border #cmsmasters_icon_list_item_69f404bd3fea99_88098907:hover .cmsmasters_icon_list_icon:after { \n\tborder-color:transparent; \n\tborder-width:0; \n} \n<\/style><div id=\"cmsmasters_row_69f404bd3d61c1_50767818\" class=\"cmsmasters_row cmsmasters_color_scheme_default cmsmasters_row_top_default cmsmasters_row_bot_default cmsmasters_row_boxed\" data-stellar-background-ratio=\"0.1\">\n<div class=\"cmsmasters_row_outer_parent\">\n<div class=\"cmsmasters_row_overlay\"><\/div>\n<div class=\"cmsmasters_row_outer\">\n<div class=\"cmsmasters_row_inner\">\n<div class=\"cmsmasters_row_margin\">\n<div class=\"cmsmasters_column one_first\">\n\n<div id=\"cmsmasters_heading_69f404bd3dbe97_78661017\" class=\"cmsmasters_heading_wrap cmsmasters_heading_align_center\">\n\t<h1 class=\"cmsmasters_heading\">DAS BAHNHOFCENTER<\/h1>\n<\/div>\n<\/div>\n<\/div>\n<\/div>\n<\/div>\n<\/div>\n<\/div>\n<div id=\"cmsmasters_row_69f404bd3ddb62_40440902\" class=\"cmsmasters_row cmsmasters_color_scheme_default cmsmasters_row_top_default cmsmasters_row_bot_default cmsmasters_row_boxed\">\n<div class=\"cmsmasters_row_outer_parent\">\n<div class=\"cmsmasters_row_outer\">\n<div class=\"cmsmasters_row_inner\">\n<div class=\"cmsmasters_row_margin\">\n<div class=\"cmsmasters_column one_first\">\n<div class=\"cmsmasters_text\">\n<h3 style=\"text-align: center;\"><span style=\"font-size: 24pt; line-height: 32pt; font-weight: bold;\">P\u00c4CHTERGEMEINSCHAFT <\/span><span style=\"font-size: 24pt; line-height: 32pt; font-weight: bold;\">UND MEHR<\/span><\/h3>\n<\/div>\n<\/div>\n<\/div>\n<\/div>\n<\/div>\n<\/div>\n<\/div>\n<div id=\"cmsmasters_row_69f404bd3df847_93699337\" class=\"cmsmasters_row cmsmasters_color_scheme_default cmsmasters_row_top_default cmsmasters_row_bot_default cmsmasters_row_boxed\">\n<div class=\"cmsmasters_row_outer_parent\">\n<div class=\"cmsmasters_row_outer\">\n<div class=\"cmsmasters_row_inner\">\n<div class=\"cmsmasters_row_margin\">\n<div class=\"cmsmasters_column one_fourth\">\n<div class=\"cmsmasters_img  cmsmasters_image_n\">\n<img decoding=\"async\" src=\"https:\/\/www.bahnhof-center.at\/wp-content\/uploads\/2019\/11\/Logo-Linz_Wels-1.png\" \/>\n<\/div>\n\n<div id=\"cmsmasters_heading_69f404bd3e72b2_58841034\" class=\"cmsmasters_heading_wrap cmsmasters_heading_align_left\">\n\t<h3 class=\"cmsmasters_heading\">Adresse:<\/h3>\n<\/div>\n<div id=\"cmsmasters_heading_69f404bd3e7af6_35020253\" class=\"cmsmasters_heading_wrap cmsmasters_heading_align_left\">\n\t<h5 class=\"cmsmasters_heading\">Center Linz: Bahnhofplatz 3-6, 4020 Linz | Center Wels: Bahnhofstra\u00dfe 31, 4600 Wels<\/h5>\n<\/div>\n<div id=\"cmsmasters_heading_69f404bd3e81e9_18770403\" class=\"cmsmasters_heading_wrap cmsmasters_heading_align_left\">\n\t<h3 class=\"cmsmasters_heading\">\u00d6ffnungszeiten:<\/h3>\n<\/div>\n<div id=\"cmsmasters_heading_69f404bd3e8898_87961057\" class=\"cmsmasters_heading_wrap cmsmasters_heading_align_left\">\n\t<h5 class=\"cmsmasters_heading\">t\u00e4glich von 0-24 Uhr, 365 Tage im Jahr<\/h5>\n<\/div>\n<div id=\"cmsmasters_heading_69f404bd3e8f27_22367317\" class=\"cmsmasters_heading_wrap cmsmasters_heading_align_left\">\n\t<h3 class=\"cmsmasters_heading\">Information:<\/h3>\n<\/div>\n<div id=\"cmsmasters_heading_69f404bd3e95e0_58791227\" class=\"cmsmasters_heading_wrap cmsmasters_heading_align_left\">\n\t<h5 class=\"cmsmasters_heading\">+43 5 &#8211; 1717<\/h5>\n<\/div>\n<\/div>\n<div class=\"cmsmasters_column three_fourth\">\n<div class=\"cmsmasters_text\">\n<p style=\"text-align: left;\"><span style=\"color: #ffffff;\"><span style=\"color: #000000;\">F\u00fcr Sie, lieber Kunde, lieber Besucher, lieber Gast, <\/span><\/span><\/p>\n<p style=\"text-align: left;\"><span style=\"color: #ffffff;\"><span style=\"color: #000000;\">haben wir einen klar erkennbaren, vor allem wieder erkennbaren Ort geschaffen &#8211; DAS BAHNHOFCENTER an den Standorten Linz und Wels. <\/span><\/span><\/p>\n<p style=\"text-align: left;\"><span style=\"color: #ffffff;\"><span style=\"color: #000000;\">Wir laden Sie ein, zum Verweilen, zum Genie\u00dfen, zum Shoppen, zum Essen &amp; Trinken &#8211; denn wir haben 365 Tage im Jahr f\u00fcr Sie ge\u00f6ffnet.<\/span><\/span><\/p>\n<p style=\"text-align: left;\"><span style=\"color: #000000;\">Wir, die P\u00e4chtergemeinschaft, arbeiten im gemeinsamen Interesse f\u00fcr &#8222;&#8230;die gesamthafte Pr\u00e4sentation und Bewerbung des Bahnhofes als Gesch\u00e4ftsstandort und finanzieren gemeinsam zB. klassische Werbema\u00dfnahmen, Veranstaltungen, \u00d6ffentlichkeitsarbeit&#8230;\u201c.<\/span><\/p>\n<p><img loading=\"lazy\" decoding=\"async\" class=\"wp-image-9742 alignnone\" src=\"https:\/\/www.bahnhof-center.at\/wp-content\/uploads\/2019\/11\/Werbemittel.png\" alt=\"\" width=\"241\" height=\"241\" srcset=\"https:\/\/www.bahnhof-center.at\/wp-content\/uploads\/2019\/11\/Werbemittel.png 800w, https:\/\/www.bahnhof-center.at\/wp-content\/uploads\/2019\/11\/Werbemittel-150x150.png 150w, https:\/\/www.bahnhof-center.at\/wp-content\/uploads\/2019\/11\/Werbemittel-300x300.png 300w, https:\/\/www.bahnhof-center.at\/wp-content\/uploads\/2019\/11\/Werbemittel-768x768.png 768w, https:\/\/www.bahnhof-center.at\/wp-content\/uploads\/2019\/11\/Werbemittel-60x60.png 60w, https:\/\/www.bahnhof-center.at\/wp-content\/uploads\/2019\/11\/Werbemittel-580x580.png 580w, https:\/\/www.bahnhof-center.at\/wp-content\/uploads\/2019\/11\/Werbemittel-540x540.png 540w, https:\/\/www.bahnhof-center.at\/wp-content\/uploads\/2019\/11\/Werbemittel-600x600.png 600w, https:\/\/www.bahnhof-center.at\/wp-content\/uploads\/2019\/11\/Werbemittel-100x100.png 100w\" sizes=\"(max-width: 241px) 100vw, 241px\" \/><img loading=\"lazy\" decoding=\"async\" class=\"wp-image-9706 alignnone\" src=\"https:\/\/www.bahnhof-center.at\/wp-content\/uploads\/2019\/11\/Ihre-Paechtergemeinschaft-e1573644890100-1024x460.png\" alt=\"\" width=\"320\" height=\"144\" srcset=\"https:\/\/www.bahnhof-center.at\/wp-content\/uploads\/2019\/11\/Ihre-Paechtergemeinschaft-e1573644890100-1024x460.png 1024w, https:\/\/www.bahnhof-center.at\/wp-content\/uploads\/2019\/11\/Ihre-Paechtergemeinschaft-e1573644890100-300x135.png 300w, https:\/\/www.bahnhof-center.at\/wp-content\/uploads\/2019\/11\/Ihre-Paechtergemeinschaft-e1573644890100-768x345.png 768w, https:\/\/www.bahnhof-center.at\/wp-content\/uploads\/2019\/11\/Ihre-Paechtergemeinschaft-e1573644890100-580x260.png 580w, https:\/\/www.bahnhof-center.at\/wp-content\/uploads\/2019\/11\/Ihre-Paechtergemeinschaft-e1573644890100-860x386.png 860w, https:\/\/www.bahnhof-center.at\/wp-content\/uploads\/2019\/11\/Ihre-Paechtergemeinschaft-e1573644890100-1160x521.png 1160w, https:\/\/www.bahnhof-center.at\/wp-content\/uploads\/2019\/11\/Ihre-Paechtergemeinschaft-e1573644890100-1320x593.png 1320w, https:\/\/www.bahnhof-center.at\/wp-content\/uploads\/2019\/11\/Ihre-Paechtergemeinschaft-e1573644890100-600x269.png 600w, https:\/\/www.bahnhof-center.at\/wp-content\/uploads\/2019\/11\/Ihre-Paechtergemeinschaft-e1573644890100.png 1704w\" sizes=\"(max-width: 320px) 100vw, 320px\" \/><\/p>\n<p style=\"text-align: left;\"><span style=\"color: #000000;\">Unter diesem &#8218;Motto&#8216; erhalten Sie. etwa an unseren &#8222;Verteiltagen&#8220; bzw. als kleine &#8218;Erinnerung&#8216;, immer wieder n\u00fctzliche Dinge. Denn kleine Geschenke erhalten die Freundschaft!<\/span><\/p>\n<p style=\"text-align: left;\"><span style=\"color: #000000;\">Sie haben die letzte Aktion gerade verpasst? Gerne bei Ihrem Lieblingsp\u00e4chter anfragen, wir haben bestimmt noch das eine oder andere &#8217;n\u00fctzliche Ding&#8216; f\u00fcr Sie aufgehoben.<\/span><\/p>\n<p>&nbsp;<\/p>\n<p>WIR FREUEN UNS AUF SIE!<\/p>\n<\/div>\n<\/div>\n<\/div>\n<\/div>\n<\/div>\n<\/div>\n<\/div>\n<div id=\"cmsmasters_row_69f404bd3eaff5_34377116\" class=\"cmsmasters_row cmsmasters_color_scheme_default cmsmasters_row_top_default cmsmasters_row_bot_default cmsmasters_row_fullwidth\">\n<div class=\"cmsmasters_row_outer_parent\">\n<div class=\"cmsmasters_row_outer\">\n<div class=\"cmsmasters_row_inner cmsmasters_row_fullwidth\">\n<div class=\"cmsmasters_row_margin\">\n<div class=\"cmsmasters_column one_first\">\n\n<div id=\"cmsmasters_divider_69f404bd3ec7f9_53529843\" class=\"cmsmasters_divider cmsmasters_divider_width_long cmsmasters_divider_pos_center\"><\/div>\n<\/div>\n<\/div>\n<\/div>\n<\/div>\n<\/div>\n<\/div>\n<div id=\"cmsmasters_row_69f404bd3ecb99_81910298\" class=\"cmsmasters_row cmsmasters_color_scheme_default cmsmasters_row_top_default cmsmasters_row_bot_default cmsmasters_row_boxed\">\n<div class=\"cmsmasters_row_outer_parent\">\n<div class=\"cmsmasters_row_outer\">\n<div class=\"cmsmasters_row_inner\">\n<div class=\"cmsmasters_row_margin\">\n<div class=\"cmsmasters_column one_first\">\n<div class=\"cmsmasters_text\">\n<h4 style=\"text-align: center;\"><span style=\"font-size: 24pt; line-height: 32pt; font-weight: bold;\">ZAHLEN, DATEN, FAKTEN <\/span><span style=\"font-size: 24pt; line-height: 32pt;\">AUS DEM CENTER<\/span><\/h4>\n<\/div>\n<\/div>\n<\/div>\n<\/div>\n<\/div>\n<\/div>\n<\/div>\n<div id=\"cmsmasters_row_69f404bd3f1eb1_05355670\" class=\"cmsmasters_row cmsmasters_color_scheme_default cmsmasters_row_top_default cmsmasters_row_bot_default cmsmasters_row_boxed\">\n<div class=\"cmsmasters_row_outer_parent\">\n<div class=\"cmsmasters_row_outer\">\n<div class=\"cmsmasters_row_inner\">\n<div class=\"cmsmasters_row_margin\">\n<div class=\"cmsmasters_column one_half\">\n\n<div id=\"cmsmasters_heading_69f404bd3f3ef3_77932838\" class=\"cmsmasters_heading_wrap cmsmasters_heading_align_center\">\n\t<h1 class=\"cmsmasters_heading\">LINZ<\/h1>\n<\/div>\n\n<div id=\"cmsmasters_divider_69f404bd3f46a2_90253383\" class=\"cmsmasters_divider cmsmasters_divider_width_long cmsmasters_divider_pos_center\"><\/div>\n \n<ul id=\"cmsmasters_icon_list_items_69f404bd3f53d8_86021478\" class=\"cmsmasters_icon_list_items cmsmasters_icon_list_type_block cmsmasters_icon_list_pos_left cmsmasters_color_type_border\"><li id=\"cmsmasters_icon_list_item_69f404bd3f6b03_12409173\" class=\"cmsmasters_icon_list_item\">\n<div class=\"cmsmasters_icon_list_item_inner\">\n<div class=\"cmsmasters_icon_list_icon_wrap\">\n<span class=\"cmsmasters_icon_list_icon cmsmasters-icon-key\"><\/span>\n<\/div>\n<div class=\"cmsmasters_icon_list_item_content\">\n<h2 class=\"cmsmasters_icon_list_item_title\">Er\u00f6ffnung am 04.12.2004<\/h2>\n<div class=\"cmsmasters_icon_list_item_text\">\n<\/div>\n<\/div>\n<\/div>\n<\/li><li id=\"cmsmasters_icon_list_item_69f404bd3f7850_01660179\" class=\"cmsmasters_icon_list_item\">\n<div class=\"cmsmasters_icon_list_item_inner\">\n<div class=\"cmsmasters_icon_list_icon_wrap\">\n<span class=\"cmsmasters_icon_list_icon cmsmasters-icon-users\"><\/span>\n<\/div>\n<div class=\"cmsmasters_icon_list_item_content\">\n<h2 class=\"cmsmasters_icon_list_item_title\">ca. 35.000 Besucher \/ Tag<\/h2>\n<div class=\"cmsmasters_icon_list_item_text\">\n<\/div>\n<\/div>\n<\/div>\n<\/li><li id=\"cmsmasters_icon_list_item_69f404bd3f8408_80992438\" class=\"cmsmasters_icon_list_item\">\n<div class=\"cmsmasters_icon_list_item_inner\">\n<div class=\"cmsmasters_icon_list_icon_wrap\">\n<span class=\"cmsmasters_icon_list_icon cmsmasters-icon-basket\"><\/span>\n<\/div>\n<div class=\"cmsmasters_icon_list_item_content\">\n<h2 class=\"cmsmasters_icon_list_item_title\">5.500 m\u00b2 Fl\u00e4che Gesch\u00e4ftslokale<\/h2>\n<div class=\"cmsmasters_icon_list_item_text\">\n<\/div>\n<\/div>\n<\/div>\n<\/li><li id=\"cmsmasters_icon_list_item_69f404bd3f8ea2_48917168\" class=\"cmsmasters_icon_list_item\">\n<div class=\"cmsmasters_icon_list_item_inner\">\n<div class=\"cmsmasters_icon_list_icon_wrap\">\n<span class=\"cmsmasters_icon_list_icon cmsmasters-icon-train\"><\/span>\n<\/div>\n<div class=\"cmsmasters_icon_list_item_content\">\n<h2 class=\"cmsmasters_icon_list_item_title\">ca. 800 Zugfahrten \/ Tag<\/h2>\n<div class=\"cmsmasters_icon_list_item_text\">\n<\/div>\n<\/div>\n<\/div>\n<\/li><\/ul>\n<\/div>\n<div class=\"cmsmasters_column one_half\">\n\n<div id=\"cmsmasters_heading_69f404bd3fa891_47699561\" class=\"cmsmasters_heading_wrap cmsmasters_heading_align_center\">\n\t<h1 class=\"cmsmasters_heading\">WELS<\/h1>\n<\/div>\n\n<div id=\"cmsmasters_divider_69f404bd3fb021_57846267\" class=\"cmsmasters_divider cmsmasters_divider_width_long cmsmasters_divider_pos_center\"><\/div>\n \n<ul id=\"cmsmasters_icon_list_items_69f404bd3fb788_41060069\" class=\"cmsmasters_icon_list_items cmsmasters_icon_list_type_block cmsmasters_icon_list_pos_left cmsmasters_color_type_border\"><li id=\"cmsmasters_icon_list_item_69f404bd3fc1e0_23606140\" class=\"cmsmasters_icon_list_item\">\n<div class=\"cmsmasters_icon_list_item_inner\">\n<div class=\"cmsmasters_icon_list_icon_wrap\">\n<span class=\"cmsmasters_icon_list_icon cmsmasters-icon-key\"><\/span>\n<\/div>\n<div class=\"cmsmasters_icon_list_item_content\">\n<h2 class=\"cmsmasters_icon_list_item_title\">Daten folgen<\/h2>\n<div class=\"cmsmasters_icon_list_item_text\">\n<p><\/p>\n<\/div>\n<\/div>\n<\/div>\n<\/li><li id=\"cmsmasters_icon_list_item_69f404bd3fcef2_59058779\" class=\"cmsmasters_icon_list_item\">\n<div class=\"cmsmasters_icon_list_item_inner\">\n<div class=\"cmsmasters_icon_list_icon_wrap\">\n<span class=\"cmsmasters_icon_list_icon cmsmasters-icon-users\"><\/span>\n<\/div>\n<div class=\"cmsmasters_icon_list_item_content\">\n<h2 class=\"cmsmasters_icon_list_item_title\">Daten folgen<\/h2>\n<div class=\"cmsmasters_icon_list_item_text\">\n<p><\/p>\n<\/div>\n<\/div>\n<\/div>\n<\/li><li id=\"cmsmasters_icon_list_item_69f404bd3fdd29_98961161\" class=\"cmsmasters_icon_list_item\">\n<div class=\"cmsmasters_icon_list_item_inner\">\n<div class=\"cmsmasters_icon_list_icon_wrap\">\n<span class=\"cmsmasters_icon_list_icon cmsmasters-icon-basket\"><\/span>\n<\/div>\n<div class=\"cmsmasters_icon_list_item_content\">\n<h2 class=\"cmsmasters_icon_list_item_title\">Daten folgen<\/h2>\n<div class=\"cmsmasters_icon_list_item_text\">\n<p><\/p>\n<\/div>\n<\/div>\n<\/div>\n<\/li><li id=\"cmsmasters_icon_list_item_69f404bd3fea99_88098907\" class=\"cmsmasters_icon_list_item\">\n<div class=\"cmsmasters_icon_list_item_inner\">\n<div class=\"cmsmasters_icon_list_icon_wrap\">\n<span class=\"cmsmasters_icon_list_icon cmsmasters-icon-train\"><\/span>\n<\/div>\n<div class=\"cmsmasters_icon_list_item_content\">\n<h2 class=\"cmsmasters_icon_list_item_title\">Daten folgen<\/h2>\n<div class=\"cmsmasters_icon_list_item_text\">\n<p><\/p>\n<\/div>\n<\/div>\n<\/div>\n<\/li><\/ul>\n<\/div>\n<\/div>\n<\/div>\n<\/div>\n<\/div>\n<\/div>\n\n","protected":false},"excerpt":{"rendered":"","protected":false},"author":3,"featured_media":9823,"parent":0,"menu_order":0,"comment_status":"closed","ping_status":"closed","template":"","meta":{"footnotes":""},"_links":{"self":[{"href":"https:\/\/www.bahnhof-center.at\/index.php\/wp-json\/wp\/v2\/pages\/60"}],"collection":[{"href":"https:\/\/www.bahnhof-center.at\/index.php\/wp-json\/wp\/v2\/pages"}],"about":[{"href":"https:\/\/www.bahnhof-center.at\/index.php\/wp-json\/wp\/v2\/types\/page"}],"author":[{"embeddable":true,"href":"https:\/\/www.bahnhof-center.at\/index.php\/wp-json\/wp\/v2\/users\/3"}],"replies":[{"embeddable":true,"href":"https:\/\/www.bahnhof-center.at\/index.php\/wp-json\/wp\/v2\/comments?post=60"}],"version-history":[{"count":43,"href":"https:\/\/www.bahnhof-center.at\/index.php\/wp-json\/wp\/v2\/pages\/60\/revisions"}],"predecessor-version":[{"id":10640,"href":"https:\/\/www.bahnhof-center.at\/index.php\/wp-json\/wp\/v2\/pages\/60\/revisions\/10640"}],"wp:featuredmedia":[{"embeddable":true,"href":"https:\/\/www.bahnhof-center.at\/index.php\/wp-json\/wp\/v2\/media\/9823"}],"wp:attachment":[{"href":"https:\/\/www.bahnhof-center.at\/index.php\/wp-json\/wp\/v2\/media?parent=60"}],"curies":[{"name":"wp","href":"https:\/\/api.w.org\/{rel}","templated":true}]}}