{"id":10300,"date":"2020-02-24T08:53:32","date_gmt":"2020-02-24T08:53:32","guid":{"rendered":"https:\/\/devb.bahnhof-center.at\/?page_id=10300"},"modified":"2020-02-24T08:53:32","modified_gmt":"2020-02-24T08:53:32","slug":"resch-frisch","status":"publish","type":"page","link":"https:\/\/www.bahnhof-center.at\/index.php\/resch-frisch\/","title":{"rendered":"RESCH &#038; FRISCH"},"content":{"rendered":"<style type=\"text\/css\"> \n#cmsmasters_row_69ea309e2be5b7_77585706 .cmsmasters_row_outer_parent { \n\tpadding-top: 50px; \n} \n\n#cmsmasters_row_69ea309e2be5b7_77585706 .cmsmasters_row_outer_parent { \n\tpadding-bottom: 55px; \n} \n\n \n#cmsmasters_heading_69ea309e2c6984_24284217 { \n\ttext-align:left; \n\tmargin-top:30px; \n\tmargin-bottom:10px; \n} \n\n#cmsmasters_heading_69ea309e2c6984_24284217 .cmsmasters_heading { \n\ttext-align:left; \n} \n\n#cmsmasters_heading_69ea309e2c6984_24284217 .cmsmasters_heading, #cmsmasters_heading_69ea309e2c6984_24284217 .cmsmasters_heading a { \n\tfont-weight:700; \n\tfont-style:normal; \n} \n\n#cmsmasters_heading_69ea309e2c6984_24284217 .cmsmasters_heading_divider { \n} \n\n \n#cmsmasters_heading_69ea309e2c7899_84931409 { \n\ttext-align:left; \n\tmargin-top:0px; \n\tmargin-bottom:30px; \n} \n\n#cmsmasters_heading_69ea309e2c7899_84931409 .cmsmasters_heading { \n\ttext-align:left; \n} \n\n#cmsmasters_heading_69ea309e2c7899_84931409 .cmsmasters_heading, #cmsmasters_heading_69ea309e2c7899_84931409 .cmsmasters_heading a { \n\tfont-weight:700; \n\tfont-style:normal; \n} \n\n#cmsmasters_heading_69ea309e2c7899_84931409 .cmsmasters_heading_divider { \n} \n\n \n#cmsmasters_heading_69ea309e2c86f2_19224980 { \n\ttext-align:left; \n\tmargin-top:0px; \n\tmargin-bottom:10px; \n} \n\n#cmsmasters_heading_69ea309e2c86f2_19224980 .cmsmasters_heading { \n\ttext-align:left; \n} \n\n#cmsmasters_heading_69ea309e2c86f2_19224980 .cmsmasters_heading, #cmsmasters_heading_69ea309e2c86f2_19224980 .cmsmasters_heading a { \n\tfont-weight:700; \n\tfont-style:normal; \n} \n\n#cmsmasters_heading_69ea309e2c86f2_19224980 .cmsmasters_heading_divider { \n} \n\n \n#cmsmasters_heading_69ea309e2c95b0_18945593 { \n\ttext-align:left; \n\tmargin-top:0px; \n\tmargin-bottom:30px; \n} \n\n#cmsmasters_heading_69ea309e2c95b0_18945593 .cmsmasters_heading { \n\ttext-align:left; \n} \n\n#cmsmasters_heading_69ea309e2c95b0_18945593 .cmsmasters_heading, #cmsmasters_heading_69ea309e2c95b0_18945593 .cmsmasters_heading a { \n\tfont-weight:700; \n\tfont-style:normal; \n} \n\n#cmsmasters_heading_69ea309e2c95b0_18945593 .cmsmasters_heading_divider { \n} \n\n \n#cmsmasters_heading_69ea309e2ca560_23828184 { \n\ttext-align:left; \n\tmargin-top:0px; \n\tmargin-bottom:10px; \n} \n\n#cmsmasters_heading_69ea309e2ca560_23828184 .cmsmasters_heading { \n\ttext-align:left; \n} \n\n#cmsmasters_heading_69ea309e2ca560_23828184 .cmsmasters_heading, #cmsmasters_heading_69ea309e2ca560_23828184 .cmsmasters_heading a { \n\tfont-weight:700; \n\tfont-style:normal; \n} \n\n#cmsmasters_heading_69ea309e2ca560_23828184 .cmsmasters_heading_divider { \n} \n\n \n#cmsmasters_heading_69ea309e2cb3a4_27266830 { \n\ttext-align:left; \n\tmargin-top:0px; \n\tmargin-bottom:50px; \n} \n\n#cmsmasters_heading_69ea309e2cb3a4_27266830 .cmsmasters_heading { \n\ttext-align:left; \n} \n\n#cmsmasters_heading_69ea309e2cb3a4_27266830 .cmsmasters_heading, #cmsmasters_heading_69ea309e2cb3a4_27266830 .cmsmasters_heading a { \n\tfont-weight:700; \n\tfont-style:normal; \n} \n\n#cmsmasters_heading_69ea309e2cb3a4_27266830 .cmsmasters_heading_divider { \n} \n\n \n#cmsmasters_heading_69ea309e2d1655_68792719 { \n\ttext-align:left; \n\tmargin-top:0px; \n\tmargin-bottom:20px; \n} \n\n#cmsmasters_heading_69ea309e2d1655_68792719 .cmsmasters_heading { \n\ttext-align:left; \n} \n\n#cmsmasters_heading_69ea309e2d1655_68792719 .cmsmasters_heading, #cmsmasters_heading_69ea309e2d1655_68792719 .cmsmasters_heading a { \n\tfont-weight:700; \n\tfont-style:normal; \n} \n\n#cmsmasters_heading_69ea309e2d1655_68792719 .cmsmasters_heading_divider { \n} \n\n \n#cmsmasters_divider_69ea309e2d2525_21209220 { \n\tborder-bottom-width:1px; \n\tborder-bottom-style:solid; \n\tpadding-top:0px; \n\tmargin-bottom:30px; \n} \n \n#cmsmasters_divider_69ea309e2d39e7_42064887 { \n\tborder-bottom-width:0px; \n\tborder-bottom-style:solid; \n\tpadding-top:0px; \n\tmargin-bottom:20px; \n} \n\r\n\t\t\t\t#cmsmasters_gallery_69ea309e2d4924_10401358 .cmsmasters_gallery {\r\n\t\t\t\t\tmargin:0 0 0 -15px;\r\n\t\t\t\t}\r\n\t\t\t\t\r\n\t\t\t\t#cmsmasters_gallery_69ea309e2d4924_10401358 .cmsmasters_gallery .cmsmasters_gallery_item {\r\n\t\t\t\t\tpadding:0 0 15px 15px;\r\n\t\t\t\t}\r\n\t\t\t \n#cmsmasters_row_69ea309e2e76e2_86077036 .cmsmasters_row_outer_parent { \n\tpadding-top: 50px; \n} \n\n#cmsmasters_row_69ea309e2e76e2_86077036 .cmsmasters_row_outer_parent { \n\tpadding-bottom: 55px; \n} \n\n \n#cmsmasters_heading_69ea309e2ee8b8_18828175 { \n\ttext-align:left; \n\tmargin-top:30px; \n\tmargin-bottom:10px; \n} \n\n#cmsmasters_heading_69ea309e2ee8b8_18828175 .cmsmasters_heading { \n\ttext-align:left; \n} \n\n#cmsmasters_heading_69ea309e2ee8b8_18828175 .cmsmasters_heading, #cmsmasters_heading_69ea309e2ee8b8_18828175 .cmsmasters_heading a { \n\tfont-weight:700; \n\tfont-style:normal; \n} \n\n#cmsmasters_heading_69ea309e2ee8b8_18828175 .cmsmasters_heading_divider { \n} \n\n \n#cmsmasters_heading_69ea309e2ef811_31914114 { \n\ttext-align:left; \n\tmargin-top:0px; \n\tmargin-bottom:30px; \n} \n\n#cmsmasters_heading_69ea309e2ef811_31914114 .cmsmasters_heading { \n\ttext-align:left; \n} \n\n#cmsmasters_heading_69ea309e2ef811_31914114 .cmsmasters_heading, #cmsmasters_heading_69ea309e2ef811_31914114 .cmsmasters_heading a { \n\tfont-weight:700; \n\tfont-style:normal; \n} \n\n#cmsmasters_heading_69ea309e2ef811_31914114 .cmsmasters_heading_divider { \n} \n\n \n#cmsmasters_heading_69ea309e2f06f2_58993162 { \n\ttext-align:left; \n\tmargin-top:0px; \n\tmargin-bottom:10px; \n} \n\n#cmsmasters_heading_69ea309e2f06f2_58993162 .cmsmasters_heading { \n\ttext-align:left; \n} \n\n#cmsmasters_heading_69ea309e2f06f2_58993162 .cmsmasters_heading, #cmsmasters_heading_69ea309e2f06f2_58993162 .cmsmasters_heading a { \n\tfont-weight:700; \n\tfont-style:normal; \n} \n\n#cmsmasters_heading_69ea309e2f06f2_58993162 .cmsmasters_heading_divider { \n} \n\n \n#cmsmasters_heading_69ea309e2f1515_99671555 { \n\ttext-align:left; \n\tmargin-top:0px; \n\tmargin-bottom:30px; \n} \n\n#cmsmasters_heading_69ea309e2f1515_99671555 .cmsmasters_heading { \n\ttext-align:left; \n} \n\n#cmsmasters_heading_69ea309e2f1515_99671555 .cmsmasters_heading, #cmsmasters_heading_69ea309e2f1515_99671555 .cmsmasters_heading a { \n\tfont-weight:700; \n\tfont-style:normal; \n} \n\n#cmsmasters_heading_69ea309e2f1515_99671555 .cmsmasters_heading_divider { \n} \n\n \n#cmsmasters_heading_69ea309e2f2329_42181611 { \n\ttext-align:left; \n\tmargin-top:0px; \n\tmargin-bottom:10px; \n} \n\n#cmsmasters_heading_69ea309e2f2329_42181611 .cmsmasters_heading { \n\ttext-align:left; \n} \n\n#cmsmasters_heading_69ea309e2f2329_42181611 .cmsmasters_heading, #cmsmasters_heading_69ea309e2f2329_42181611 .cmsmasters_heading a { \n\tfont-weight:700; \n\tfont-style:normal; \n} \n\n#cmsmasters_heading_69ea309e2f2329_42181611 .cmsmasters_heading_divider { \n} \n\n \n#cmsmasters_heading_69ea309e2f30f8_25921383 { \n\ttext-align:left; \n\tmargin-top:0px; \n\tmargin-bottom:50px; \n} \n\n#cmsmasters_heading_69ea309e2f30f8_25921383 .cmsmasters_heading { \n\ttext-align:left; \n} \n\n#cmsmasters_heading_69ea309e2f30f8_25921383 .cmsmasters_heading, #cmsmasters_heading_69ea309e2f30f8_25921383 .cmsmasters_heading a { \n\tfont-weight:700; \n\tfont-style:normal; \n} \n\n#cmsmasters_heading_69ea309e2f30f8_25921383 .cmsmasters_heading_divider { \n} \n\n \n#cmsmasters_heading_69ea309e2f5498_01000166 { \n\ttext-align:left; \n\tmargin-top:0px; \n\tmargin-bottom:20px; \n} \n\n#cmsmasters_heading_69ea309e2f5498_01000166 .cmsmasters_heading { \n\ttext-align:left; \n} \n\n#cmsmasters_heading_69ea309e2f5498_01000166 .cmsmasters_heading, #cmsmasters_heading_69ea309e2f5498_01000166 .cmsmasters_heading a { \n\tfont-weight:700; \n\tfont-style:normal; \n} \n\n#cmsmasters_heading_69ea309e2f5498_01000166 .cmsmasters_heading_divider { \n} \n\n \n#cmsmasters_divider_69ea309e2f6316_55678772 { \n\tborder-bottom-width:1px; \n\tborder-bottom-style:solid; \n\tpadding-top:0px; \n\tmargin-bottom:30px; \n} \n \n#cmsmasters_divider_69ea309e2f78d3_54970261 { \n\tborder-bottom-width:0px; \n\tborder-bottom-style:solid; \n\tpadding-top:0px; \n\tmargin-bottom:20px; \n} \n\r\n\t\t\t\t#cmsmasters_gallery_69ea309e2f86e3_39451824 .cmsmasters_gallery {\r\n\t\t\t\t\tmargin:0 0 0 -15px;\r\n\t\t\t\t}\r\n\t\t\t\t\r\n\t\t\t\t#cmsmasters_gallery_69ea309e2f86e3_39451824 .cmsmasters_gallery .cmsmasters_gallery_item {\r\n\t\t\t\t\tpadding:0 0 15px 15px;\r\n\t\t\t\t}\r\n\t\t\t<\/style><div id=\"cmsmasters_row_69ea309e2be5b7_77585706\" class=\"cmsmasters_row cmsmasters_color_scheme_default cmsmasters_row_top_default cmsmasters_row_bot_default cmsmasters_row_boxed\">\n<div class=\"cmsmasters_row_outer_parent\">\n<div class=\"cmsmasters_row_outer\">\n<div class=\"cmsmasters_row_inner\">\n<div class=\"cmsmasters_row_margin\">\n<div class=\"cmsmasters_column one_fourth\">\n<div class=\"cmsmasters_img  cmsmasters_image_n\">\n<img decoding=\"async\" src=\"https:\/\/www.bahnhof-center.at\/wp-content\/uploads\/2020\/01\/Logo_Resch_BehnhofCenter.png\" \/>\n<\/div>\n\n<div id=\"cmsmasters_heading_69ea309e2c6984_24284217\" class=\"cmsmasters_heading_wrap cmsmasters_heading_align_left\">\n\t<h3 class=\"cmsmasters_heading\">\u00d6ffnungszeiten:<\/h3>\n<\/div>\n<div id=\"cmsmasters_heading_69ea309e2c7899_84931409\" class=\"cmsmasters_heading_wrap cmsmasters_heading_align_left\">\n\t<h5 class=\"cmsmasters_heading\">Mo-So 04:30-19:30<\/h5>\n<\/div>\n<div id=\"cmsmasters_heading_69ea309e2c86f2_19224980\" class=\"cmsmasters_heading_wrap cmsmasters_heading_align_left\">\n\t<h3 class=\"cmsmasters_heading\">Kontakt:<\/h3>\n<\/div>\n<div id=\"cmsmasters_heading_69ea309e2c95b0_18945593\" class=\"cmsmasters_heading_wrap cmsmasters_heading_align_left\">\n\t<h5 class=\"cmsmasters_heading\">+43 732 661664<\/h5>\n<\/div>\n<div id=\"cmsmasters_heading_69ea309e2ca560_23828184\" class=\"cmsmasters_heading_wrap cmsmasters_heading_align_left\">\n\t<h3 class=\"cmsmasters_heading\">Website:<\/h3>\n<\/div>\n<div id=\"cmsmasters_heading_69ea309e2cb3a4_27266830\" class=\"cmsmasters_heading_wrap cmsmasters_heading_align_left\">\n\t<h5 class=\"cmsmasters_heading\"><a href=\"#\">www.resch-frisch.at<\/a><\/h5>\n<\/div>\n<\/div>\n<div class=\"cmsmasters_column three_fourth\">\n\n<div id=\"cmsmasters_heading_69ea309e2d1655_68792719\" class=\"cmsmasters_heading_wrap cmsmasters_heading_align_left\">\n\t<h1 class=\"cmsmasters_heading\">B\u00e4ckerei-Caf\u00e9 RESCH &amp; FRISCH<\/h1>\n<\/div>\n\n<div id=\"cmsmasters_divider_69ea309e2d2525_21209220\" class=\"cmsmasters_divider cmsmasters_divider_width_long cmsmasters_divider_pos_center\"><\/div>\n<div class=\"cmsmasters_text\">\n<p>B\u00e4ckerei-Caf\u00e9 RESCH &amp; FRISCH am Bahnhofcenter.<\/p>\n<p>RESCH &amp; FRISCH ist mittlerweile ein bekanntes &#8222;Gesicht&#8220; und bietet gewohnte Qualit\u00e4t. So auch am Bahnhofcenter Linz und Wels! Das Fr\u00fchst\u00fcckskipferl, der Brioche oder ein gef\u00fclltes Semmerl zum Mitnehmen f\u00fcr die &#8222;Eiligen&#8220;. Aber auch f\u00fcr einen guten Plunder und Kaffee ist die Traditionsb\u00e4ckerei bekannt, gerne auch zum Sitzen und genie\u00dfen direkt vor Ort.<\/p>\n<p>&nbsp;<\/p>\n<\/div>\n\n\n<div id=\"cmsmasters_divider_69ea309e2d39e7_42064887\" class=\"cl\"><\/div>\n<div id=\"cmsmasters_gallery_69ea309e2d4924_10401358\" class=\"cmsmasters_gallery_wrap\"><ul class=\"cmsmasters_gallery cmsmasters_3 cmsmasters_more_items_loader\"><li class=\"cmsmasters_gallery_item\"><figure><a href=\"https:\/\/www.bahnhof-center.at\/wp-content\/uploads\/2020\/02\/Resch1.jpg\" rel=\"ilightbox[69ea309e2d4924_10401358]\"><img loading=\"lazy\" decoding=\"async\" width=\"500\" height=\"375\" src=\"https:\/\/www.bahnhof-center.at\/wp-content\/uploads\/2020\/02\/Resch1-500x375.jpg\" class=\"attachment-blog-masonry-thumb size-blog-masonry-thumb\" alt=\"\" \/><\/a><\/figure><\/li><li class=\"cmsmasters_gallery_item\"><figure><a href=\"https:\/\/www.bahnhof-center.at\/wp-content\/uploads\/2020\/02\/Resch2.jpg\" rel=\"ilightbox[69ea309e2d4924_10401358]\"><img loading=\"lazy\" decoding=\"async\" width=\"580\" height=\"375\" src=\"https:\/\/www.bahnhof-center.at\/wp-content\/uploads\/2020\/02\/Resch2-580x375.jpg\" class=\"attachment-blog-masonry-thumb size-blog-masonry-thumb\" alt=\"\" \/><\/a><\/figure><\/li><li class=\"cmsmasters_gallery_item\"><figure><a href=\"https:\/\/www.bahnhof-center.at\/wp-content\/uploads\/2020\/02\/Resch3.jpg\" rel=\"ilightbox[69ea309e2d4924_10401358]\"><img loading=\"lazy\" decoding=\"async\" width=\"580\" height=\"375\" src=\"https:\/\/www.bahnhof-center.at\/wp-content\/uploads\/2020\/02\/Resch3-580x375.jpg\" class=\"attachment-blog-masonry-thumb size-blog-masonry-thumb\" alt=\"\" srcset=\"https:\/\/www.bahnhof-center.at\/wp-content\/uploads\/2020\/02\/Resch3-580x375.jpg 580w, https:\/\/www.bahnhof-center.at\/wp-content\/uploads\/2020\/02\/Resch3-1160x750.jpg 1160w\" sizes=\"(max-width: 580px) 100vw, 580px\" \/><\/a><\/figure><\/li><\/ul><script type=\"text\/javascript\">\r\n\t\t\t\tjQuery(document).ready(function () {\r\n\t\t\t\t\t(function ($) {\r\n\t\t\t\t\t\tif ($('#cmsmasters_gallery_69ea309e2d4924_10401358').find('.cmsmasters_gallery_item').length == '0') {\r\n\t\t\t\t\t\t\treturn false;\r\n\t\t\t\t\t\t}\r\n\t\t\t\t\t\t\r\n\t\t\t\t\t\t\r\n\t\t\t\t\t\tstartGallery( \r\n\t\t\t\t\t\t\t'69ea309e2d4924_10401358', \r\n\t\t\t\t\t\t\t'grid', \r\n\t\t\t\t\t\t\t'false', \r\n\t\t\t\t\t\t\t'false' \r\n\t\t\t\t\t\t);\r\n\t\t\t\t\t} )(jQuery);\r\n\t\t\t\t} );\r\n\t\t\t<\/script>\r\n\t\t\t<\/div>\n<\/div>\n<\/div>\n<\/div>\n<\/div>\n<\/div>\n<\/div>\n<div id=\"cmsmasters_row_69ea309e2e76e2_86077036\" class=\"cmsmasters_row cmsmasters_color_scheme_default cmsmasters_row_top_default cmsmasters_row_bot_default cmsmasters_row_boxed\">\n<div class=\"cmsmasters_row_outer_parent\">\n<div class=\"cmsmasters_row_outer\">\n<div class=\"cmsmasters_row_inner\">\n<div class=\"cmsmasters_row_margin\">\n<div class=\"cmsmasters_column one_fourth\">\n<div class=\"cmsmasters_img  cmsmasters_image_n\">\n<img decoding=\"async\" src=\"https:\/\/www.bahnhof-center.at\/wp-content\/uploads\/2020\/01\/Logo_Tchibo_BehnhofCenter.png\" \/>\n<\/div>\n\n<div id=\"cmsmasters_heading_69ea309e2ee8b8_18828175\" class=\"cmsmasters_heading_wrap cmsmasters_heading_align_left\">\n\t<h3 class=\"cmsmasters_heading\">\u00d6ffnungszeiten:<\/h3>\n<\/div>\n<div id=\"cmsmasters_heading_69ea309e2ef811_31914114\" class=\"cmsmasters_heading_wrap cmsmasters_heading_align_left\">\n\t<h5 class=\"cmsmasters_heading\">Mo-Fr 07:00-20:00 und Sa 09:00-16:00<\/h5>\n<\/div>\n<div id=\"cmsmasters_heading_69ea309e2f06f2_58993162\" class=\"cmsmasters_heading_wrap cmsmasters_heading_align_left\">\n\t<h3 class=\"cmsmasters_heading\">Kontakt:<\/h3>\n<\/div>\n<div id=\"cmsmasters_heading_69ea309e2f1515_99671555\" class=\"cmsmasters_heading_wrap cmsmasters_heading_align_left\">\n\t<h5 class=\"cmsmasters_heading\">+ 43 <\/h5>\n<\/div>\n<div id=\"cmsmasters_heading_69ea309e2f2329_42181611\" class=\"cmsmasters_heading_wrap cmsmasters_heading_align_left\">\n\t<h3 class=\"cmsmasters_heading\">Website:<\/h3>\n<\/div>\n<div id=\"cmsmasters_heading_69ea309e2f30f8_25921383\" class=\"cmsmasters_heading_wrap cmsmasters_heading_align_left\">\n\t<h5 class=\"cmsmasters_heading\"><a href=\"#\">www.eduscho.at<\/a><\/h5>\n<\/div>\n<\/div>\n<div class=\"cmsmasters_column three_fourth\">\n\n<div id=\"cmsmasters_heading_69ea309e2f5498_01000166\" class=\"cmsmasters_heading_wrap cmsmasters_heading_align_left\">\n\t<h1 class=\"cmsmasters_heading\">TCHIBO &#8211; Eduscho<\/h1>\n<\/div>\n\n<div id=\"cmsmasters_divider_69ea309e2f6316_55678772\" class=\"cmsmasters_divider cmsmasters_divider_width_long cmsmasters_divider_pos_center\"><\/div>\n<div class=\"cmsmasters_text\">\n<p>TCHIBO am Bahnhof Linz &#8211; vereint\u00a0 Kaffeegenuss und Shoppingerlebnis!<\/p>\n<p>Genie\u00dfen Sie eine gute Tasse Kaffee in gewohnter Eduscho Qualit\u00e4t direkt unter der Rolltreppe. Ein eigener, erh\u00f6hter Bereich sorgt f\u00fcr eine gem\u00fctliche Atmosph\u00e4re zum Unterhalten, Entspannen oder Schm\u00f6kern. Der Eingang zum Gesch\u00e4ft befindet sich gleich gegen\u00fcber. Dort finden Sie ein breites Sortiment aus den aktuellen Angeboten.<\/p>\n<p>&nbsp;<\/p>\n<\/div>\n\n\n<div id=\"cmsmasters_divider_69ea309e2f78d3_54970261\" class=\"cl\"><\/div>\n<div id=\"cmsmasters_gallery_69ea309e2f86e3_39451824\" class=\"cmsmasters_gallery_wrap\"><ul class=\"cmsmasters_gallery cmsmasters_3 cmsmasters_more_items_loader\"><li class=\"cmsmasters_gallery_item\"><figure><a href=\"https:\/\/www.bahnhof-center.at\/wp-content\/uploads\/2020\/01\/image_classic_jpg-1.jpg\" rel=\"ilightbox[69ea309e2f86e3_39451824]\"><img loading=\"lazy\" decoding=\"async\" width=\"488\" height=\"287\" src=\"https:\/\/www.bahnhof-center.at\/wp-content\/uploads\/2020\/01\/image_classic_jpg-1.jpg\" class=\"attachment-blog-masonry-thumb size-blog-masonry-thumb\" alt=\"\" srcset=\"https:\/\/www.bahnhof-center.at\/wp-content\/uploads\/2020\/01\/image_classic_jpg-1.jpg 488w, https:\/\/www.bahnhof-center.at\/wp-content\/uploads\/2020\/01\/image_classic_jpg-1-300x176.jpg 300w\" sizes=\"(max-width: 488px) 100vw, 488px\" \/><\/a><\/figure><\/li><li class=\"cmsmasters_gallery_item\"><figure><a href=\"https:\/\/www.bahnhof-center.at\/wp-content\/uploads\/2020\/01\/image_classic_jpg-2.jpg\" rel=\"ilightbox[69ea309e2f86e3_39451824]\"><img loading=\"lazy\" decoding=\"async\" width=\"488\" height=\"287\" src=\"https:\/\/www.bahnhof-center.at\/wp-content\/uploads\/2020\/01\/image_classic_jpg-2.jpg\" class=\"attachment-blog-masonry-thumb size-blog-masonry-thumb\" alt=\"\" srcset=\"https:\/\/www.bahnhof-center.at\/wp-content\/uploads\/2020\/01\/image_classic_jpg-2.jpg 488w, https:\/\/www.bahnhof-center.at\/wp-content\/uploads\/2020\/01\/image_classic_jpg-2-300x176.jpg 300w\" sizes=\"(max-width: 488px) 100vw, 488px\" \/><\/a><\/figure><\/li><li class=\"cmsmasters_gallery_item\"><figure><a href=\"https:\/\/www.bahnhof-center.at\/wp-content\/uploads\/2020\/01\/image_classic_jpg.jpg\" rel=\"ilightbox[69ea309e2f86e3_39451824]\"><img loading=\"lazy\" decoding=\"async\" width=\"488\" height=\"287\" src=\"https:\/\/www.bahnhof-center.at\/wp-content\/uploads\/2020\/01\/image_classic_jpg.jpg\" class=\"attachment-blog-masonry-thumb size-blog-masonry-thumb\" alt=\"\" srcset=\"https:\/\/www.bahnhof-center.at\/wp-content\/uploads\/2020\/01\/image_classic_jpg.jpg 488w, https:\/\/www.bahnhof-center.at\/wp-content\/uploads\/2020\/01\/image_classic_jpg-300x176.jpg 300w\" sizes=\"(max-width: 488px) 100vw, 488px\" \/><\/a><\/figure><\/li><\/ul><script type=\"text\/javascript\">\r\n\t\t\t\tjQuery(document).ready(function () {\r\n\t\t\t\t\t(function ($) {\r\n\t\t\t\t\t\tif ($('#cmsmasters_gallery_69ea309e2f86e3_39451824').find('.cmsmasters_gallery_item').length == '0') {\r\n\t\t\t\t\t\t\treturn false;\r\n\t\t\t\t\t\t}\r\n\t\t\t\t\t\t\r\n\t\t\t\t\t\t\r\n\t\t\t\t\t\tstartGallery( \r\n\t\t\t\t\t\t\t'69ea309e2f86e3_39451824', \r\n\t\t\t\t\t\t\t'grid', \r\n\t\t\t\t\t\t\t'false', \r\n\t\t\t\t\t\t\t'false' \r\n\t\t\t\t\t\t);\r\n\t\t\t\t\t} )(jQuery);\r\n\t\t\t\t} );\r\n\t\t\t<\/script>\r\n\t\t\t<\/div>\n<\/div>\n<\/div>\n<\/div>\n<\/div>\n<\/div>\n<\/div>\n\n","protected":false},"excerpt":{"rendered":"","protected":false},"author":1,"featured_media":0,"parent":0,"menu_order":0,"comment_status":"closed","ping_status":"closed","template":"","meta":{"footnotes":""},"_links":{"self":[{"href":"https:\/\/www.bahnhof-center.at\/index.php\/wp-json\/wp\/v2\/pages\/10300"}],"collection":[{"href":"https:\/\/www.bahnhof-center.at\/index.php\/wp-json\/wp\/v2\/pages"}],"about":[{"href":"https:\/\/www.bahnhof-center.at\/index.php\/wp-json\/wp\/v2\/types\/page"}],"author":[{"embeddable":true,"href":"https:\/\/www.bahnhof-center.at\/index.php\/wp-json\/wp\/v2\/users\/1"}],"replies":[{"embeddable":true,"href":"https:\/\/www.bahnhof-center.at\/index.php\/wp-json\/wp\/v2\/comments?post=10300"}],"version-history":[{"count":2,"href":"https:\/\/www.bahnhof-center.at\/index.php\/wp-json\/wp\/v2\/pages\/10300\/revisions"}],"predecessor-version":[{"id":10305,"href":"https:\/\/www.bahnhof-center.at\/index.php\/wp-json\/wp\/v2\/pages\/10300\/revisions\/10305"}],"wp:attachment":[{"href":"https:\/\/www.bahnhof-center.at\/index.php\/wp-json\/wp\/v2\/media?parent=10300"}],"curies":[{"name":"wp","href":"https:\/\/api.w.org\/{rel}","templated":true}]}}